 = -21*h - 478. What is the remainder when 545 is divided by a(-24)?
25
Suppose -4*i + i + 147 + 195 = 0. What is the remainder when 1496 is divided by i?
14
Suppose -511*l + 509*l = -20. Let f(b) = 14*b**2 + b - 3. Let i be f(-2). What is the remainder when (-1)/((-105)/i + 2) is divided by l?
7
Let a(s) = 2*s + 37 + s**2 - 5*s - 33. Let f be a(1). Suppose -4*y - d + 129 = 0, -f*y + 161 = 3*y + d. What is the remainder when y is divided by 11?
10
Suppose -f + 31 = 4*l, -3*l = l. Let n = 136 - f. Suppose -v - 2*i + 32 = 0, -5*i + 109 = 5*v - 61. What is the remainder when n is divided by v?
33
Suppose 6*n = -6*n + 9924. Suppose -667 = 4*s - n. Calculate the remainder when s is divided by 6.
4
Let a = -28 + 45. Let l = -680 - -713. What is the remainder when l is divided by a?
16
Let u(s) = 23*s**2. Suppose 14*o = -967 - 881. Let n = o + 220. Calculate the remainder when n is divided by u(-1).
19
Let x(h) = 14*h**2 - 2*h + 209. Calculate the remainder when x(0) is divided by 15.
14
Suppose -4*u + 22 = 3*j, 14 = -4*u + 6*u + 3*j. Suppose 0 = -u*q - 0*q + 40. What is the remainder when 97 is divided by q?
7
Let t(a) = -a**3 + 5*a**2 + 5*a - 3. Let u be t(6). Let n = 21 + u. What is the remainder when 30 is divided by n?
6
Let b = 14 + -5. Let o = b + -3. Suppose 66834*a - 66809*a = 1100. Calculate the remainder when a is divided by o.
2
Let l = -34 - -42. Let h(u) = -3*u**3 + 3*u**2 + u - 7. What is the remainder when h(-4) is divided by l?
5
Suppose -3*p + 2*p = 0, -3*p + 24 = 4*r. Let k = -325 - -346. Calculate the remainder when k is divided by r.
3
Let j = -16615 - -16630. What is the remainder when 90 is divided by j?
0
Let l(k) = -30*k**3 - k**2 - k - 1. Let o = -473 - -476. Suppose 0 = o*g - 15, -18*g - 70 = -5*n - 17*g. What is the remainder when l(-1) is divided by n?
14
Let c = -9 + 28. Calculate the remainder when c is divided by (18/(-15))/((-228)/1710).
1
Suppose -17081 - 20017 = -162*x. Calculate the remainder when x is divided by 95.
39
Calculate the remainder when (7 - 223)/(9/(-6)) is divided by 19.
11
Suppose 2*l - 5*i = 13, 2*l - 4*i = -0*i + 12. Suppose 0 = 4*t - 4*n + 140, -l*n + 5 = 13. Let s = -7 - t. What is the remainder when s is divided by 8?
6
Let d = 51 + -31. Calculate the remainder when (-255)/85 - (-1 - -3)*-32 is divided by d.
1
Let l(x) = x**3 - 5*x**2 + 18*x + 26. What is the remainder when 439 is divided by l(5)?
91
Suppose -5*a + 2*i + 7 = 0, a + 50 = 2*a + 5*i. What is the remainder when 253 is divided by a?
3
Suppose 43 = 16*c - 5. Suppose -x - 139 = -2*a - 0*a, 5*a - c*x - 348 = 0. Let q(s) = -10*s. Calculate the remainder when a is divided by q(-1).
9
Suppose 0 = -8*i - 5150 + 38870. What is the remainder when i is divided by 74?
71
Calculate the remainder when 0 + -1 + 2775 + 21*54/(-189) is divided by 63.
59
Let n = -74 - -34. Let u(r) = -r**3 - 9*r**2 - 20*r + 14. Calculate the remainder when u(-5) is divided by (4/10)/((-2)/n).
6
Let r(g) = 4*g**2 - 162*g - 154. Calculate the remainder when 274 is divided by r(42).
78
Let x(o) = -8*o - 4. Suppose -2*s = 2*s + 16. What is the remainder when x(s) is divided by (3/6)/(486/(-4284) - (-2)/14)?
11
Let g = -8964 - -8999. What is the remainder when 6276 is divided by g?
11
Suppose 169*j - 522237 = 393236. Calculate the remainder when j is divided by 155.
147
Let k(o) = 3*o**3 - 25*o**2 + 46*o + 82. Calculate the remainder when k(10) is divided by 343.
13
Suppose -10*s + 15*s - 4*b = 1996, -1598 = -4*s + 3*b. Calculate the remainder when s is divided by 94.
28
Let f = 23443 + -23152. Calculate the remainder when 1457 is divided by f.
2
Let l(f) = 158*f**2 - 13*f - 38. What is the remainder when l(3) is divided by 90?
85
Let d = 15097 - 14957. What is the remainder when d is divided by 102?
38
Suppose 86*f + 742 = 87*f. Suppose -59*o + f = -45*o. Calculate the remainder when o is divided by 9.
8
Suppose -85*p + 81*p - 76 + 296 = 0. What is the remainder when 850/4 - (-2)/4 is divided by p?
48
Suppose -5*x = 5*q - 960, -2*x - 396 = -2*q - 7*x. Let s = q + -91. Calculate the remainder when s is divided by 50.
47
Let l = -47 - 12. Let y = 103 + l. Suppose -o = -2*w - 0*o + y, 4*o - 44 = -2*w. Calculate the remainder when 43 is divided by w.
21
Suppose 94*k - 83*k = 29007. Suppose -3*j + 5*t = -k, -3*j + 1328 + 1309 = 5*t. Calculate the remainder when j is divided by 11.
10
Suppose s - 2*u = 3 - 1, 5*s - u = -35. Let z be (-182)/(-273)*4/((-16)/12). Calculate the remainder when 21 is divided by (3 + z)/(-1 + (-10)/s).
1
Let j be (-1)/4 - (-28)/16*63. Suppose -7*p + 29*p - j = 0. Calculate the remainder when 123 is divided by p.
3
Let k(b) = 38*b**2 + 104*b + 31. Calculate the remainder when 1884 is divided by k(-3).
54
Let s(v) = -47*v + 2844. Calculate the remainder when 3909 is divided by s(60).
21
Let f be (8/(-7))/(((-12)/14)/3). Suppose -x + f*m + 11 = -0*x, -4*x + 61 = m. Calculate the remainder when 39 is divided by x.
9
Calculate the remainder when 270 is divided by 1/(-4)*-6*54.
27
Suppose 380 = 140*q - 135*q. Suppose 20 = m - 4*t, -9*m + 5*m + 66 = -2*t. Calculate the remainder when q is divided by m.
12
Let j = 44 - 50. Let m(x) = x**2 + 2*x - 14. What is the remainder when 199 is divided by m(j)?
9
Let g = -17498 + 17866. Calculate the remainder when g is divided by 59.
14
Let l be (22 - -2)*(9 - (-156)/(-16)). What is the remainder when (l/4)/(3*1/(-40)) is divided by 54?
6
Let p(q) be the second derivative of q**5/20 + q**4/6 - 2*q**3/3 + 8*q**2 + 40*q. What is the remainder when 127 is divided by p(0)?
15
Suppose 1560*w + 2*d = 1555*w + 2618, -3*w - 4*d = -1554. Calculate the remainder when w is divided by 138.
112
Suppose 272*h - 265*h - 630 = 0. Calculate the remainder when h is divided by 32.
26
Let f(h) = 15*h**2 + 33*h + 3. Calculate the remainder when f(6) is divided by 53.
52
Let a(l) = 5*l**2 + 205*l + 1496. What is the remainder when a(-7) is divided by 83?
57
Let f be 22*21/98 - 4/(-14). Suppose -204 = -f*i + 3*i. Calculate the remainder when i is divided by 35.
32
Suppose -7*n + 639 = 64*n. Let c = 30 + -78. Let s = 79 + c. Calculate the remainder when s is divided by n.
4
Let s(c) be the third derivative of -c**6/120 + c**5/30 + c**4/24 - c**3 - 117*c**2. What is the remainder when s(-4) is divided by 10?
6
Let o be 4/14 + (-338)/(-91). Suppose -o = -2*l - 2*l. Calculate the remainder when ((126/(-15))/l)/((-14)/175) is divided by 27.
24
Suppose -7*x + 10 = -11. Let u(c) = x - 2 + 8*c - 9 - 1. What is the remainder when 25 is divided by u(2)?
4
Let n(h) = -5*h + 69. What is the remainder when (-1415)/(-15) - 2/6 is divided by n(9)?
22
Let t(n) = -46*n**3 + n**2 + 7*n + 5. Calculate the remainder when t(-2) is divided by 37.
30
Suppose 3*r - 3*t - 425 - 19 = 0, -4*t = -3*r + 446. What is the remainder when 166 is divided by r?
20
Suppose -833 = 11*d - 2*x - 3894, 3*d - 817 = 5*x. What is the remainder when 842 is divided by d?
5
Let x = 4552 + -3670. Calculate the remainder when x is divided by 4.
2
Let y be -3 + (-26)/(-2) + -2. Suppose -u + 14 + y = 0. Calculate the remainder when (-374)/(-10) + (-48)/120 is divided by u.
15
Let f = 20148 + -20025. What is the remainder when f is divided by 30?
3
Let t = 1434 - 2867. Let o = t - -945. What is the remainder when o/(-12)*-2*(-6)/8 is divided by 16?
13
Let i be -47 - ((-5)/10)/(4/(-8)). What is the remainder when ((-4306)/12)/(8/i) is divided by 14?
11
Suppose 0 = -19*q + 4435 + 2234. Calculate the remainder when q is divided by 44.
43
Let v = 0 + 16. Let n = v + -45. Let q = 3 - n. What is the remainder when q is divided by 19?
13
Let d(p) be the first derivative of 2*p**3/3 + 3*p**2/2 + 17*p + 59. What is the remainder when d(9) is divided by 19?
16
Suppose -y + 0*y + 64 = 0. Let w = y - 12. Let a = 5 - -9. Calculate the remainder when w is divided by a.
10
Let o be 1/(-2) + -7 + (-1074)/(-12). Let f = o - -37. Calculate the remainder when f is divided by 31.
26
Suppose -4*a - 84 = 48*g - 52*g, -6*a = 12. What is the remainder when 1159 is divided by g?
0
Suppose -70868 + 9863 = -36*b - 213*b. Suppose -s - 13 = 4*c - 44, c = 3*s - 93. What is the remainder when b is divided by s?
28
Suppose 3*r + 1739 = x, -316*x + 5207 = -313*x + r. Calculate the remainder when x is divided by 11.
9
